111011011111000
What is 23213444 (base 5) in base 2?
110011011001000011
What is 1104640 (base 8) in base 5?
34004001
c1b6 (base 14) to base 7
166016
Convert -1005638 (base 16) to base 4.
-1000011120320
Convert 2514a (base 11) to base 14.
d236
Convert 12872 (base 14) to base 11.
3126a
Convert 2133266 (base 7) to base 3.
111020022112
What is 1002010000212110 (base 3) in base 16?
ec136f
-19967e (base 15) to base 3
-2100100100102
What is -15032503 (base 6) in base 8?
-1763127
What is 1111111000001100100001 (base 2) in base 5?
2031143322
643017 (base 10) to base 9
1180043
Convert 142325004 (base 6) to base 4.
23020303330
734320 (base 8) to base 7
2034065
What is 101111313001 (base 4) in base 16?
455dc1
1154204420 (base 6) to base 3
221010202201210
-920004 (base 12) to base 16
-22ce04
107320 (base 9) to base 15
14143
Convert 822703 (base 12) to base 7.
23211411
623687 (base 10) to base 12
260b1b
226580 (base 11) to base 6
11414543
Convert -442022 (base 6) to base 16.
-8f7e
What is 5064375 (base 8) in base 4?
11012203331
Convert -56ccd (base 15) to base 6.
-5531004
213704 (base 9) to base 7
1040323
-11348483 (base 10) to base 11
-6451313
What is -121a56a (base 11) in base 2?
-1000000110001000110111
What is 110001001111111110 (base 2) in base 4?
301033332
1282018 (base 9) to base 2
10101011110000001110
178a907 (base 14) to base 10
11630843
-4232565 (base 7) to base 16
-7d187
Convert 111102110210 (base 3) to base 5.
31423433
What is 1012111212 (base 3) in base 10?
23702
3436422 (base 7) to base 3
210211100220
Convert -1155212532 (base 6) to base 14.
-1ad02c8
27824 (base 9) to base 8
44717
What is 3200335 (base 6) in base 8?
460003
Convert -41535 (base 8) to base 5.
-1022440
2a6773 (base 14) to base 5
334241440
What is -47478 (base 12) in base 5?
-11030313
Convert 3270d (base 15) to base 10.
160213
-812762 (base 9) to base 10
-481034
Convert -3754376 (base 8) to base 16.
-fd8fe
Convert b3461b (base 12) to base 4.
22231111313
-ed43f5 (base 16) to base 13
-32b575c
What is -a27647 (base 11) in base 12?
-676966
Convert -1032012 (base 4) to base 16.
-1386
-2b52b (base 12) to base 6
-1151255
What is 32120032 (base 4) in base 3?
2222210021
What is 210211211010 (base 3) in base 12?
1889b6
Convert -10394833 (base 10) to base 7.
-154232431
Convert 31333211 (base 4) to base 16.
dfe5
What is -122320310100 (base 4) in base 9?
-14232606
Convert -11233111 (base 5) to base 2.
-11000111110001001
What is 56281 (base 9) in base 8?
111046
Convert -101001100001110110100 (base 2) to base 3.
-2120010200202
Convert -30121211332 (base 4) to base 6.
-153400514
-11621 (base 13) to base 3
-1121121202
-19bb96 (base 12) to base 5
-104044122
3122012022 (base 4) to base 6
31051430
Convert -827854 (base 9) to base 8.
-1677462
Convert -24483c (base 16) to base 5.
-1102042123
-2766644 (base 10) to base 12
-b15098
What is 2431422003 (base 5) in base 8?
25674621
665360 (base 8) to base 10
223984
3231103022 (base 4) to base 5
222100403
-490aa7 (base 14) to base 16
-26224b
-11133121132 (base 4) to base 12
-594b3a
534073 (base 9) to base 3
121011002110
What is -a1173 (base 11) in base 8?
-440746
-6647314 (base 8) to base 13
-4a877c
-165b720 (base 13) to base 7
-115251401
Convert 1472311 (base 11) to base 15.
34c0ae
What is 6ca7c (base 14) in base 13?
93ac8
172396 (base 15) to base 14
212900
What is 251572 (base 8) in base 3?
11102012202
Convert -6269d (base 16) to base 2.
-1100010011010011101
What is -16a19a (base 11) in base 8?
-1000445
What is 12692 (base 10) in base 12?
7418
Convert b770 (base 12) to base 10.
20100
What is -16b6c86 (base 13) in base 3?
-111220011000122
What is -12010000021 (base 3) in base 16?
-18901
-1186644 (base 10) to base 11
-7405a8
Convert -11506224 (base 8) to base 11.
-14760a8
Convert 60357 (base 9) to base 16.
9aed
What is -15625 (base 8) in base 3?
-100200112
Convert -303042 (base 10) to base 11.
-197753
What is -1603e3 (base 16) in base 12?
-596b43
-1101101101101011101 (base 2) to base 8
-1555535
What is -5ba34 (base 15) in base 6?
-10134221
What is -4efea5 (base 16) in base 5?
-2311130442
100112223 (base 4) to base 8
202653
Convert 5163388 (base 11) to base 7.
140305063
-2b9ec0 (base 15) to base 11
-1210853
What is -5611452 (base 7) in base 12?
-294600
What is 37a7d7 (base 16) in base 8?
15723727
What is -1a5ad (base 14) in base 12?
-32925
-12110012112 (base 3) to base 11
-73697
-146501 (base 12) to base 5
-41432430
Convert 111011000100100100 (base 2) to base 8.
730444
Convert 2a9a0 (base 15) to base 5.
13342200
What is -101011111010111101 (base 2) in base 16?
-2bebd
Convert -123030010033 (base 4) to base 16.
-6cc10f
What is -4663132 (base 9) in base 14?
-498dcd
What is 145070 (base 9) in base 10?
89001
-2746e6 (base 15) to base 2
-111001100111110111111
Convert 10522625 (base 7) to base 16.
defe3
Convert 21210012210 (base 3) to base 12.
74826
What is -20ec2 (base 15) in base 4?
-121202012
What is 43c8dc (base 16) in base 11?
2564654
What is -110001101100001001 (base 2) in base 15?
-40489
What is 11342668 (base 9) in base 10?
5519807
Convert -1220311133 (base 4) to base 16.
-68d5f
What is -36402340 (base 8) in base 11?
-4571aa3
Convert de8a7 (base 15) to base 11.
44347a
What is -3143014 (base 6) in base 4?
-211133302
What is -103357 (base 10) in base 15?
-20957
Convert -dc0e (base 15) to base 12.
-22b65
Convert -1973818 (base 12) to base 11.
-3042894
f8e3 (base 16) to base 5
4014330
What is 16449a5 (base 11) in base 12?
b320bb
-21131403 (base 5) to base 11
-111073
-2205069 (base 11) to base 13
-a574c8
-5303001 (base 6) to base 10
-257257
What is 314044 (base 11) in base 16?
7ad7e
What is -4364a3 (base 11) in base 16?
-aa186
What is -10088 (base 11) in base 6?
-152121
Convert 4136030 (base 7) to base 10.
496685
-12131310210 (base 4) to base 5
-413220022
Convert -950233 (base 12) to base 9.
-4361603
Convert 1274880 (base 12) to base 9.
6752866
Convert -20002022222 (base 3) to base 10.
-119798
Convert -103396 (base 14) to base 5.
-114444101
-2210202121022 (base 3) to base 5
-340204440
What is 284071 (base 9) in base 12?
8453a
-1011122111000 (base 3) to base 9
-1148430
Convert 123333113 (base 4) to base 10.
114647
Convert -301121320 (base 5) to base 14.
-23060d
Convert 636b (base 12) to base 10.
10883
87823 (base 10) to base 13
30c88
Convert 3a5817 (base 11) to base 6.
21354004
What is 5cc92 (base 15) in base 14?
7a07c
4d040 (base 15) to base 16
3c2a3
Convert -1847244 (base 9) to base 6.
-34105234
15646522 (base 7) to base 15
201abd
What is 27039a (base 13) in base 15?
1396b7
What is 65c7c8 (base 14) in base 11?
1a49736
What is 2b0710a (base 13) in base 15?
131a134
What is -21952 (base 14) in base 13?
-2b096
-82008 (base 12) to base 8
-512610
-10650102 (base 9) to base 10
-5170151
Convert 11248222 (base 9) to base 5.
2344333031
1120114 (base 9) to base 10
603706
What is -56732 (base 8) in base 15?
-71bb
Convert 2405614 (base 7) to base 12.
1282aa
Convert -330c2e (base 16) to base 13.
-901978
What is -29b0 (base 14) in base 7?
-30410
-408561 (base 11) to base 7
-5400102
What is -262063 (base 7) in base 3?
-2110212121
What is 1001334440 (base 5) in base 11?
1133084
Convert -e6e7b (base 16) to base 13.
-27164b
Convert -af125c (base 16) to base 15.
-1019850
-a744a1 (base 13) to base 3
-21101021121000
Convert 23cd0 (base 14) to base 3.
11110011101
What is -11223323 (base 5) in base 7?
-602353
Convert -d1f0 (base 16) to base 12.
-27128
-175327 (base 10) to base 5
-21102302
What is -19ae09 (base 16) in base 13?
-46c03c
46d0c (base 16) to base 11
188a21
-282005 (base 9) to base 10
-172049
-1016324 (base 7) to base 13
-43868
What is 3998796 (base 11) in base 14?
cbb459
300342 (base 7) to base 11
35019
Convert -6c914 (base 16) to base 14.
-b80ba
Convert 1705364 (base 11) to base 12.
b81872
Convert 11100110010011011100 (base 2) to base 7.
11006134
Convert 3c458 (base 13) to base 8.
334234
-2a771b (base 12) to base 15
-e2bbb
-33025131 (base 7) to base 3
-12022210020220
-110202202200 (base 3) to base 14
-67846
-11233213 (base 5) to base 2
-11000111110100100
1000000101010111001 (base 2) to base 16
40ab9
Convert 112201313 (base 5) to base 4.
1323221122
111536630 (base 7) to base 4
121330003310
15242302 (base 6) to base 8
2023736
What is -10411001 (base 5) in base 9?
-148308
C